dred millions digit of 4583863430?
5
What is the ten millions digit of 116057460?
1
What is the hundreds digit of 110889177?
1
What is the hundreds digit of 33149760?
7
What is the thousands digit of 171360159?
0
What is the hundred thousands digit of 3040627?
0
What is the tens digit of 23225311?
1
What is the ten millions digit of 303974096?
0
What is the hundreds digit of 28443647?
6
What is the tens digit of 68901673?
7
What is the ten thousands digit of 394702247?
0
What is the hundreds digit of 1491071448?
4
What is the ten millions digit of 310709711?
1
What is the hundred thousands digit of 43633593?
6
What is the hundred thousands digit of 133691869?
6
What is the millions digit of 542320940?
2
What is the ten millions digit of 47985175?
4
What is the ten millions digit of 37400603?
3
What is the hundreds digit of 2241641463?
4
What is the ten thousands digit of 1380309722?
0
What is the ten thousands digit of 38409933?
0
What is the hundreds digit of 60683813?
8
What is the tens digit of 54306102?
0
What is the tens digit of 2444003584?
8
What is the ten millions digit of 163103639?
6
What is the millions digit of 1036960000?
6
What is the hundred thousands digit of 183162342?
1
What is the tens digit of 2136222?
2
What is the units digit of 649028321?
1
What is the ten thousands digit of 15132359?
3
What is the hundreds digit of 49911757?
7
What is the hundreds digit of 47783823?
8
What is the hundred millions digit of 797038582?
7
What is the hundred millions digit of 493561529?
4
What is the tens digit of 26226822?
2
What is the hundreds digit of 3937164508?
5
What is the hundred thousands digit of 1512666199?
6
What is the billions digit of 1134143582?
1
What is the hundred thousands digit of 96278286?
2
What is the thousands digit of 74646122?
6
What is the thousands digit of 90675358?
5
What is the hundred millions digit of 108509465?
1
What is the hundred thousands digit of 888397692?
3
What is the hundred thousands digit of 10015559?
0
What is the hundred millions digit of 1079502391?
0
What is the units digit of 417723893?
3
What is the tens digit of 6355166401?
0
What is the ten thousands digit of 24784192?
8
What is the ten thousands digit of 582290977?
9
What is the ten thousands digit of 145676435?
7
What is the thousands digit of 57715203?
5
What is the ten millions digit of 108569359?
0
What is the hundred millions digit of 540191210?
5
What is the hundreds digit of 406527448?
4
What is the billions digit of 1018943329?
1
What is the millions digit of 1451292113?
1
What is the tens digit of 3363041126?
2
What is the units digit of 45775882?
2
What is the hundreds digit of 462891344?
3
What is the thousands digit of 130034417?
4
What is the hundred thousands digit of 4558177484?
1
What is the ten millions digit of 148818431?
4
What is the millions digit of 24230927?
4
What is the thousands digit of 81323620?
3
What is the units digit of 102390329?
9
What is the hundred thousands digit of 3068872743?
8
What is the thousands digit of 67931482?
1
What is the ten millions digit of 45792127?
4
What is the tens digit of 497097273?
7
What is the ten millions digit of 563989674?
6
What is the ten millions digit of 491435821?
9
What is the tens digit of 29090405?
0
What is the ten millions digit of 387392450?
8
What is the millions digit of 110068289?
0
What is the hundreds digit of 25475438?
4
What is the ten millions digit of 3396591919?
9
What is the ten thousands digit of 5701678764?
7
What is the hundreds digit of 59134153?
1
What is the ten thousands digit of 413036879?
3
What is the ten thousands digit of 96587222?
8
What is the hundred millions digit of 2659918594?
6
What is the units digit of 708001840?
0
What is the hundreds digit of 43581128?
1
What is the ten millions digit of 502357661?
0
What is the hundred thousands digit of 4352850?
3
What is the units digit of 2224228?
8
What is the thousands digit of 293518381?
8
What is the hundred thousands digit of 1146594073?
5
What is the millions digit of 44930694?
4
What is the tens digit of 73677330?
3
What is the tens digit of 603815789?
8
What is the millions digit of 100907495?
0
What is the millions digit of 951539839?
1
What is the hundreds digit of 37466979?
9
What is the millions digit of 68619347?
8
What is the thousands digit of 190782907?
2
What is the ten millions digit of 24904753?
2
What is the units digit of 16575995?
5
What is the ten millions digit of 897299127?
9
What is the ten thousands digit of 81857105?
5
What is the ten millions digit of 365385987?
6
What is the hundreds digit of 49407388?
3
What is the ten millions digit of 42480801?
4
What is the hundred millions digit of 318461020?
3
What is the hundreds digit of 186048076?
0
What is the thousands digit of 1282127635?
7
What is the thousands digit of 1086790884?
0
What is the ten millions digit of 14277297?
1
What is the ten millions digit of 58824964?
5
What is the hundreds digit of 40308024?
0
What is the units digit of 498049735?
5
What is the units digit of 7223604?
4
What is the hundred thousands digit of 25972759?
9
What is the thousands digit of 31635289?
5
What is the millions digit of 5460484913?
0
What is the ten millions digit of 5268533805?
6
What is the ten millions digit of 85852387?
8
What is the ten millions digit of 56884480?
5
What is the ten thousands digit of 33487935?
8
What is the thousands digit of 33259668?
9
What is the hundred millions digit of 189301933?
1
What is the ten millions digit of 121917252?
2
What is the thousands digit of 626365553?
5
What is the millions digit of 82648694?
2
What is the ten millions digit of 221864108?
2
What is the billions digit of 1041914638?
1
What is the ten millions digit of 56994366?
5
What is the units digit of 3496886411?
1
What is the hundred thousands digit of 5855129256?
1
What is the tens digit of 1253115839?
3
What is the thousands digit of 177645762?
5
What is the ten thousands digit of 131211226?
1
What is the tens digit of 242025889?
8
What is the millions digit of 52811138?
2
What is the units digit of 4012890709?
9
What is the ten thousands digit of 144935209?
3
What is the tens digit of 131325640?
4
What is the ten thousands digit of 214341601?
4
What is the hundreds digit of 381451779?
7
What is the hundred thousands digit of 72385653?
3
What is the tens digit of 42440439?
3
What is the ten millions digit of 56295914?
5
What is the ten thousands digit of 132743846?
4
What is the thousands digit of 63524229?
4
What is the hundred millions digit of 137063065?
1
What is the thousands digit of 399246577?
6
What is the millions digit of 17780595?
7
What is the thousands digit of 36895862?
5
What is the hundred thousands digit of 97898492?
8
What is the hundred millions digit of 356344928?
3
What is the ten thousands digit of 23833834?
3
What is the thousands digit of 176168322?
8
What is the thousands digit of 25686644?
6
What is the millions digit of 389474161?
9
What is the millions digit of 30743621?
0
What is the hundred thousands digit of 477145338?
1
What is the hundred millions digit of 3551820330?
5
What is the tens digit of 75376850?
5
What is the ten thousands digit of 150067515?
6
What is the units digit of 346874659?
9
What is the millions digit of 60051018?
0
What is the units digit of 2699952441?
1
What is the hundreds digit of 56642127?
1
What is the millions digit of 688716826?
8
What is the hundred thousands digit of 548470739?
4
What is the millions digit of 115772733?
5
What is the millions digit of 755989624?
5
What is the hundred thousands digit of 368840092?
8
What is the hundred thousands digit of 79004372?
0
What is the tens digit of 18724845?
4
What is the ten millions digit of 50776115?
5
What is the ten millions digit of 662916415?
6
What is the hundreds digit of 4493806376?
3
What is the hundred thousands digit of 114028487?
0
What is the units digit of 258855586?
6
What is the hundred millions digit of 107347956?
1
What is the thousands digit of 63506900?
6
What is the hundreds digit of 110702225?
2
What is the units digit of 288768669?
9
What is the units digit of 983241973?
3
What is the thousands digit of 56298809?
8
What is the ten thousands digit of 433011054?
1
What is the tens digit o